 + (-2 - -9) + (1 - 1).
4
Evaluate 7 + -7 - ((-5 - -10) + -6).
1
What is -2 - (-2 + (0 - 1 - -6))?
-5
Evaluate 57 + -55 + (-3 - -7).
6
What is the value of 0 + 1 - (-1 - (-18 + 13))?
-3
Calculate 1 + (-16 + 11 - -11).
7
Calculate -10 + 3 + (2 - 0) + 7.
2
What is 9 - 3 - (-3 - -2) - 2?
5
Calculate -8 + (-1 - -10) - -4.
5
What is the value of (-1 - 0) + (-1 - -2) + -4?
-4
Calculate (-7 - -3) + 1 + 2.
-1
What is -4 + 0 + 3 + 6 + -2?
3
4 + (-12 - (-2 - (-1 + 6)))
-1
-5 + 12 - 9 - (4 - 3)
-3
What is the value of 2 + -1 + -1 - (38 + -35)?
-3
Evaluate -2 - (2 + -3 + -2).
1
What is -5 - ((-50 - -43) + -2 + -1)?
5
Evaluate 5 + -7 + 1 + -2 - -6.
3
What is the value of 0 - (4 + (4 - 1) + -11)?
4
-4 - (-2 - 3 - (-4 - -4))
1
What is the value of -6 + (-5 - -11) + -5?
-5
What is the value of (1 - -1) + (13 - 4) + -13?
-2
Calculate 7 + -5 - (2 - 1) - 4.
-3
Evaluate -1 - -8 - (-1 - -6).
2
What is -1 - (13 + -14 + (0 - -5))?
-5
What is the value of -248 - -239 - (0 + -1 - 1)?
-7
-7 - (1 + (-15 - -1))
6
What is the value of (-1 - -1) + 5 + -66 + 60?
-1
-12 + -1 + 7 - -8
2
What is the value of -2 - (-3 + (-4 - -7))?
-2
-12 + 4 + (4 - 2)
-6
What is 5 + (7 - 6 - 5)?
1
Calculate -1 + 3 - 2 - (-10 + 17).
-7
Evaluate 4 + 3 + -5 + -4 + 0.
-2
What is (0 - -3) + (-1 - (-1 + 0))?
3
Evaluate -1 + -1 + (10 - 8).
0
What is the value of -1 + (4 + -4 - -6)?
5
What is 0 - (19 - (-4 - -14))?
-9
Evaluate 6 + (7 + -1 - 6).
6
What is the value of 3 - (2 - 2 - (-4 - -4))?
3
3 + (-3 - 8) + 6
-2
Evaluate (19 - 10) + (-12 - 2).
-5
What is the value of 0 + (3 + -6 - -3)?
0
Evaluate 1 + 6 + (5 - 7).
5
Evaluate -1 - (3 - 0) - (-1 - 2).
-1
What is (-9 - 2 - -8) + 2?
-1
Evaluate -8 + 3 - (-2 - -2).
-5
4 - (2 + 5 - 3)
0
What is the value of 1 + 0 + -5 + 1?
-3
Calculate (-4 - -7) + 1 + (2 - 2).
4
(-3 - (-5 - 1)) + 4 + -2
5
Evaluate -4 + -5 + (-3 - -9).
-3
What is 6 - (3 + -9 - -9)?
3
Calculate 6 + -4 - 2 - -5.
5
What is -21 + 1 + (180 - 167)?
-7
Calculate 0 + 21 + -9 + 6 - 7.
11
What is 6 + -7 - (1 + (2 - -1))?
-5
Calculate (-5 - (-12 - -3)) + -1 + 1.
4
What is the value of 2 - ((1 - -2) + 1 + -2)?
0
-5 - (-5 - (0 + 5))
5
What is the value of -1 + (-4 - (3 + -5))?
-3
What is (9 - (1 + -1)) + 3 + -7?
5
What is (-4 - 1) + (39 - 34)?
0
-2 - 2 - (4 + -7)
-1
Evaluate -4 - 4 - (-22 + 25).
-11
Evaluate 3 + -9 - (-26 - -18).
2
Calculate -23 - -35 - (-1 + 15).
-2
Evaluate 4 - (1 - 6 - -6).
3
(-3 - (-3 + -5)) + -4
1
-27 - -22 - (2 - 1)
-6
Calculate 3 + -3 + 1 + 3 + -2.
2
What is the value of -4 + (5 - -1) - 0?
2
What is (-3 - -2) + 3 + -1?
1
What is 14 + -18 + 2 + 1?
-1
Calculate -4 - -2 - (-3 + 5).
-4
103 + -100 + (1 - -1)
5
Calculate -15 + 11 + 1 + 0.
-3
What is the value of -28 + 40 + 7 + -18?
1
(13 - (10 + 5)) + (0 - -2)
0
Evaluate -1 + (-3 - -3 - 2) + 2.
-1
Calculate -16 + 12 + 3 - (1 - -3).
-5
What is the value of (6 - 17) + 3 - -13?
5
What is (-21 - (-12 - -4)) + 7?
-6
What is the value of (1 + -3 - -5) + -6 + -1?
-4
What is the value of 0 - ((10 - 18) + 4 + -1)?
5
Calculate 3 - (2 + 0 - -9).
-8
Evaluate (-12 + 6 - (1 - -2)) + 5.
-4
Evaluate 12 + (-13 + -5 - -14).
8
What is the value of -11 + 1 + 128 + -128?
-10
5 - (-1 + -5 + 12)
-1
What is the value of -2 + 5 - (2 + (1 - 5))?
5
Evaluate (-1 - 0) + 4 + 1.
4
What is the value of -8 + (2 - (-9 + 1))?
2
Evaluate 2 + -12 + -6 + 10.
-6
What is -1 + -1 + 4 + (4 - -1)?
7
What is 0 + 0 + 0 - 1 - 0?
-1
What is the value of 8 - (9 + 16) - -11?
-6
-5 - (0 - 10 - -3)
2
What is the value of 9 + -9 + 0 + 2?
2
What is the value of -4 + (3 + 0 - 1)?
-2
Evaluate -1 + (-1 - 5 - -5).
-2
6 + (-2 - (1 + -2))
5
-34 + 40 - (0 + -2 + 2)
6
Evaluate -3 + (1 - (2 - 2 - 2)).
0
What is the value of 9 - (2 + -3 + 6)?
4
0 - 8 - (-5 + -10)
7
Calculate -10 + -2 + (-6 - -17).
-1
Calculate (-3 - -13 - (9 + -5)) + -3.
3
Evaluate -4 - ((8 - 17) + -2).
7
Evaluate (5 - 10) + 9 - 1.
3
What is 8 + (9 - 14) + -8?
-5
(-5 - -4) + (7 - 0)
6
Evaluate 9 - 6 - (7 - (-3 + 6)).
-1
What is (-1 - -10 - 0) + -1 + -4?
4
Evaluate -4 + (3 - 6) + 4 - -7.
4
What is -8 - (2 + (3 - (10 + -4)))?
-7
What is the value of 1 + -6 - (-1 - (8 - 2))?
2
-1 + 11 + (13 - (0 + 16))
7
Calculate -4 + -1 + (5 - 2) + 3.
1
-12 + 1 + (20 - 15)
-6
Evaluate 10 - (-1 + 10 + -8).
9
What is the value of -3 + 10 + -5 + -4?
-2
What is the value of -4 + -1 + (3 - 1) - -3?
0
Evaluate (2 - 2 - -3 - 1) + 1.
3
What is the value of -6 + (19 - (1 + -2 - -8))?
6
Evaluate 2 + (-5 - -2) + 6.
5
What is 44 + -23 + -23 - (2 + -1)?
-3
Evaluate -11 + 4 - (-2 - (-2 + 3)).
-4
What is -6 - (6 + -5) - (0 - 11)?
4
Calculate -4 + (6 - 4) + 3.
1
What is the value of 2 + (1 - 0 - 4) + 2?
1
Evaluate 1 + 1 - -2 - 4.
0
Evaluate -23 + 16 + (-4 - (-1 + -2)).
-8
-4 - (3 + -6 - 8)
7
Calculate -5 + (-17 - -12 - -6).
-4
Evaluate 8 + -8 + (-2 - -3).
1
What is the value of 12 + -9 + (0 - (-1 + 3))?
1
(-3 - -2 - -13) + 15 + -19
8
Calculate 3 + 2 + 3 + -5 - 3.
0
Calculate (2 - 5) + (-2 - -3).
-2
What is the value of -2 - 3 - (12 - 18)?
1
What is 11 + -5 + 0 + -5?
1
-3 + 0 - (-9 - -3)
3
Calculate -4 + (-10 - (-11 - -1)).
-4
-9 - -4 - (-9 - 1)
5
What is (4 + -6 - -6) + -4 + -4?
-4
What is 2 + 3 + (0 - 1)?
4
Calculate -6 - (-5 - (-2 - (6 - 9))).
0
What is 0 + (-6 - (-2 - 1)) + 6?
3
-12 + 9 + 6 + -4
-1
What is the value of 4 - (2 + 2 - 8) - 2?
6
Calculate -2 - (-3 + -2 + 6).
-3
Calculate (8 + -3 - -1) + -5.
1
Evaluate -2 - ((-4 - 5) + 3).
4
-2 + 0 + -4 + 0
-6
Evaluate (-1 - -3) + 2 + -4.
0
What is -5 + -2 + 5 - -5?
3
Calculate (-5 - (-4 - -1) - 1) + 3.
0
What is the value of -8 - (-6 + 0 + -1)?
-1
What is the value of 1 + ((3 - 5) + 1 - -2)?
2
What is the value of 1 - (5 + -1 + -8)?
5
Calculate 14 + -2 + (0 - 3) + -4.
5
Evaluate (-2 - 1) + (12 - 4).
5
What is the value of -1 + (-9 - (7 + -14))?
-3
What is -2 - (-3 + 5 + -9)?
5
Evaluate -1 + -8 + 0 - -12.
3
3 - (3 - (-3 + (3 - 0)))
0
What is the value of 3 + -5 - -5 - (3 - 6)?
6
Calculate (-6 - -7 - 0) + -6 - 2.
-7
Calculate -7 - -1 - (7 + (-3 - 8)).
-2
What is the value of -2 - (-1 - -3) - 1?
-5
Calculate -1 + -2 - (4 - (12 + -10)).
-5
(13 - 6) + (-5 - 4)
-2
What is the value of -8 - ((6 - 14) + -2)?
2
What is 0 - -4 - (29 + -25) - -3?
3
What is the value of -13 + 4 + 8 + -2?
-3
What is -1 + 9 + (-2 - (21 - 23))?
8
Calculate -2 - ((-8 - -5) + -2) - 2.
1
(-4 - (5 + -2)) + 14
7
What is the value of 108 - 113 - (-2 - 7)?
4
What is 3 - (-7 + (7 - 1))?
4
Evaluate (2 - (6 - 2)) + 2.
0
-1 - -4 - (-1 + 0)
4
What is 0 + 7 - (14 - (9 - 1))?
1
What is the value of 2 + -2 + -5 - -7?
2
Calculate -4 - (-9 - (-5 + -1)).
-1
12 + -1 - (98 - 97)
10
14 + -17 + 2 + 11
10
What is the value of -1 - (-3 + 6) - (-5 - 2)?
3
-1 + 9 + -20 + 8
-4
What is -33 + 29 + (2 - -2) + 0?
0
Evaluate (12 - 5) + -2 + -2.
3
Evaluate (7 - (0 - 4 - -8)) + -4.
-1
-3 + -2 + (3 - 1)
-3
Calculate (1 - 1) + -17 + 17.
0
Calculate -1 + 2 + -3 + 3.
1
What is 4 - 4 - 0 - 7 - -6?
-1
Evaluate (-3 + -4 - -3) + 1.
-3
6 - 7 - (1 + -3)
1
Calculate -2 - (0 + 0 + 1 - -2).
-5
Evaluate -1 - (10 + -6 + -6).
1
What is 7 + -3 + (-17 - -7)?
-6
What is 7 + -4 - (-4 - (2 + -4))?
5
What is the value of 1 - 3 - (0 + -5 + 5)?
-2
What is -25 + 22 + (2 - -1)?
0
Evaluate 5 - (1 - (-3 + 0)).
1
Evaluate -1 + -3 - ((1 - -2) + -7).
0
Evaluate (0 - 5) + 5 + -2 + 0.
-2
Calculate (2 - (2 + 9)) + 19.
10
11 + -7 + -3 - (3 - -3)
-5
What is the value of (-6 - -4) + (-3 - -5 - 0)?
0
Calculate 0 - -6 - (8 + -1).
-1
1 - -2 - (-1 + 2) - -2
4
What is 5 - (-1 + 2) - (15 + -7)?
-4
What is the value of 2 - (-4 + 2 - (0 - -2))?
6
What is (-1 - -1) + -2 + (11 - 4)?
5
Evaluate 4 + 6 - (6 - 4 - -3).
5
6 - (-3 + 5) - (-2 + 5)
1
Calculate 7 - 10 - -2 - (0 + -6).
5
Calculate (-15 - (6 + -11)) + 4.
-6
Calculate -1 + 5 + (3 - 2) + -4.
1
-2 + (-1 - (1 - 1))
-3
(-4 + 4 - -2) + (-1 - 0)
1
-2 - (-11 + 17) - (-19 - -1)
10
Evaluate 27 + 8 + -12 + -14.
9
Evaluate 1 - (-1 + 3 + -3 - 2).
4
Calculate 113 - 112 - (3 - 1).
-1
0 - (-19 + 8 - -7)
4
Evaluate -3 - (5 + -1 - -1 - 13).
5
What is -6 + (1 - 1) - (-2 - 2)?
-2
Evaluate -5 + (19 - (-1 + 10)).
5
1 - (-5 - -1 - (-7 - -7))
5
What is the value of 3 - (-6 + 3 + 3 - -3)?
0
What is the value of -7 - (3 - (-5 - -10))?
-5
What is the value of -6 + (-7 - -19 - 9) + -2?
-5
What is 4 + -6 + 9 + -2?
5
Calculate (4 - 2) + 6 + -9.
-1
Evaluate (-11 - 10) + (12 - 0).
-9
0 + 3 + (0 - 